{"id":253271,"date":"2020-05-23T13:40:16","date_gmt":"2020-05-23T11:40:16","guid":{"rendered":"http:\/\/www.foxone.de\/?page_id=253271"},"modified":"2026-02-11T17:49:45","modified_gmt":"2026-02-11T15:49:45","slug":"queen-mary-lee","status":"publish","type":"page","link":"https:\/\/www.foxone.de\/?page_id=253271","title":{"rendered":"Queen Mary Lee"},"content":{"rendered":"<p data-start=\"0\" data-end=\"63\"><strong>Queen Mary Lee<\/strong><br data-start=\"14\" data-end=\"17\" \/>Eleganz, Ausdruck und ein Herz voller Charme<\/p>\n<p data-start=\"65\" data-end=\"490\"><strong>Queen Mary Lee<\/strong> wurde am<strong> 17.03.2019<\/strong> bei uns geboren und ist eine Bengal Katze in der seltenen Farbe Snow Seal Lynx Point. Schon ihr erster Eindruck zeigt: hier trifft au\u00dfergew\u00f6hnliche Sch\u00f6nheit auf Charakterst\u00e4rke. Ihr Fell schimmert mit einem traumhaften golden Glitter, der im Licht fast magisch wirkt und jede Bewegung begleitet. Ihr Look ist unverwechselbar, edel und elegant \u2013 eine Katze, die Blicke fesselt und Herzen gewinnt.<\/p>\n<p data-start=\"492\" data-end=\"891\"><strong>Queen Mary Lee<\/strong> durfte einen Wurf gro\u00dfziehen, der am<strong> 21.05.2020<\/strong> zur Welt kam. Der stolze Vater der Kitten ist der legend\u00e4re <strong>Clint Eastwood<\/strong>, Sohn von <strong>John Wayne<\/strong>, und so verbindet Marys Nachwuchs h\u00f6chste Qualit\u00e4t, Ausdruck und Charakterst\u00e4rke in sich. Wir sind unglaublich stolz auf die kleine Maus und ihre Leistung \u2013 ein Wurf, der die Linie fortsetzt und die Exzellenz unserer Zucht sichtbar macht.<\/p>\n<p data-start=\"893\" data-end=\"1184\">Nach diesem Wurf trat <strong>Queen Mary Lee<\/strong> in den wohlverdienten Zuchtruhestand. Sie lebt nun an einem besonderen Ort, umgeben von Liebe und Aufmerksamkeit. Unser herzlicher Dank geht an <strong>Ines<\/strong> und <strong>Marco<\/strong>, die sich liebevoll um sie k\u00fcmmern und ihr einen Lebensabend voller Geborgenheit erm\u00f6glichen.<\/p>\n<p data-start=\"1186\" data-end=\"1456\"><strong>Mary Lee<\/strong> wurde herzlich in ihre neue Familie aufgenommen, und auch <strong>Maya<\/strong> und <strong>Loki Wayne<\/strong> hei\u00dfen die Queen mit offenen Herzen willkommen. So darf sie ihre Tage entspannt genie\u00dfen, begleitet von Freunden, die ihr Leben bereichern und ihr Wohlbefinden stets im Blick haben.<\/p>\n<p data-start=\"1458\" data-end=\"1711\" data-is-last-node=\"\" data-is-only-node=\"\"><strong>Queen Mary Lee<\/strong> bleibt ein echtes Highlight unserer Zucht. Mit ihrem Ausdruck, ihrem Look und ihrer Ausstrahlung verk\u00f6rpert sie alles, was eine Bengal Katze au\u00dfergew\u00f6hnlich macht \u2013 eine wahre Queen, die ihre Spuren hinterl\u00e4sst und Herzen erobert. L O V E<\/p>\n\n\n<figure class=\"wp-block-image size-large is-style-default\"><img loading=\"lazy\" decoding=\"async\" width=\"2189\" height=\"1459\" src=\"https:\/\/i2.wp.com\/www.foxone.de\/wp-content\/uploads\/4X7A4687-1.jpg?fit=1000%2C667&amp;ssl=1\" alt=\"\" class=\"wp-image-253284\" srcset=\"https:\/\/i0.wp.com\/www.foxone.de\/wp-content\/uploads\/4X7A4687-1.jpg?w=2189&amp;ssl=1 2189w, https:\/\/i0.wp.com\/www.foxone.de\/wp-content\/uploads\/4X7A4687-1.jpg?resize=632%2C421&amp;ssl=1 632w, https:\/\/i0.wp.com\/www.foxone.de\/wp-content\/uploads\/4X7A4687-1.jpg?resize=1020%2C680&amp;ssl=1 1020w, https:\/\/i0.wp.com\/www.foxone.de\/wp-content\/uploads\/4X7A4687-1.jpg?resize=768%2C512&amp;ssl=1 768w, https:\/\/i0.wp.com\/www.foxone.de\/wp-content\/uploads\/4X7A4687-1.jpg?resize=1536%2C1024&amp;ssl=1 1536w, https:\/\/i0.wp.com\/www.foxone.de\/wp-content\/uploads\/4X7A4687-1.jpg?resize=2048%2C1365&amp;ssl=1 2048w\" sizes=\"auto, (max-width: 1000px) 100vw, 1000px\" \/><figcaption class=\"wp-element-caption\">Queen Mary Lee<\/figcaption><\/figure>\n\n\n\n<figure class=\"wp-block-image size-large is-style-default\"><img loading=\"lazy\" decoding=\"async\" width=\"2189\" height=\"1459\" src=\"https:\/\/i1.wp.com\/www.foxone.de\/wp-content\/uploads\/4X7A4627.jpg?fit=1000%2C667&amp;ssl=1\" alt=\"\" class=\"wp-image-253272\" srcset=\"https:\/\/i0.wp.com\/www.foxone.de\/wp-content\/uploads\/4X7A4627.jpg?w=2189&amp;ssl=1 2189w, https:\/\/i0.wp.com\/www.foxone.de\/wp-content\/uploads\/4X7A4627.jpg?resize=632%2C421&amp;ssl=1 632w, https:\/\/i0.wp.com\/www.foxone.de\/wp-content\/uploads\/4X7A4627.jpg?resize=1020%2C680&amp;ssl=1 1020w, https:\/\/i0.wp.com\/www.foxone.de\/wp-content\/uploads\/4X7A4627.jpg?resize=768%2C512&amp;ssl=1 768w, https:\/\/i0.wp.com\/www.foxone.de\/wp-content\/uploads\/4X7A4627.jpg?resize=1536%2C1024&amp;ssl=1 1536w, https:\/\/i0.wp.com\/www.foxone.de\/wp-content\/uploads\/4X7A4627.jpg?resize=2048%2C1365&amp;ssl=1 2048w\" sizes=\"auto, (max-width: 1000px) 100vw, 1000px\" \/><figcaption class=\"wp-element-caption\">Queen Mary Lee<\/figcaption><\/figure>\n\n\n\n<figure class=\"wp-block-image size-large is-style-default\"><img loading=\"lazy\" decoding=\"async\" width=\"2189\" height=\"1459\" src=\"https:\/\/i2.wp.com\/www.foxone.de\/wp-content\/uploads\/4X7A5207.jpg?fit=1000%2C667&amp;ssl=1\" alt=\"\" class=\"wp-image-253273\" srcset=\"https:\/\/i0.wp.com\/www.foxone.de\/wp-content\/uploads\/4X7A5207.jpg?w=2189&amp;ssl=1 2189w, https:\/\/i0.wp.com\/www.foxone.de\/wp-content\/uploads\/4X7A5207.jpg?resize=632%2C421&amp;ssl=1 632w, https:\/\/i0.wp.com\/www.foxone.de\/wp-content\/uploads\/4X7A5207.jpg?resize=1020%2C680&amp;ssl=1 1020w, https:\/\/i0.wp.com\/www.foxone.de\/wp-content\/uploads\/4X7A5207.jpg?resize=768%2C512&amp;ssl=1 768w, https:\/\/i0.wp.com\/www.foxone.de\/wp-content\/uploads\/4X7A5207.jpg?resize=1536%2C1024&amp;ssl=1 1536w, https:\/\/i0.wp.com\/www.foxone.de\/wp-content\/uploads\/4X7A5207.jpg?resize=2048%2C1365&amp;ssl=1 2048w\" sizes=\"auto, (max-width: 1000px) 100vw, 1000px\" \/><figcaption class=\"wp-element-caption\">Queen Mary Lee<\/figcaption><\/figure>\n\n\n\n<figure class=\"wp-block-image size-large is-style-default\"><img loading=\"lazy\" decoding=\"async\" width=\"2189\" height=\"1459\" src=\"https:\/\/i0.wp.com\/www.foxone.de\/wp-content\/uploads\/4X7A5257.jpg?fit=1000%2C667&amp;ssl=1\" alt=\"\" class=\"wp-image-253274\" srcset=\"https:\/\/i0.wp.com\/www.foxone.de\/wp-content\/uploads\/4X7A5257.jpg?w=2189&amp;ssl=1 2189w, https:\/\/i0.wp.com\/www.foxone.de\/wp-content\/uploads\/4X7A5257.jpg?resize=632%2C421&amp;ssl=1 632w, https:\/\/i0.wp.com\/www.foxone.de\/wp-content\/uploads\/4X7A5257.jpg?resize=1020%2C680&amp;ssl=1 1020w, https:\/\/i0.wp.com\/www.foxone.de\/wp-content\/uploads\/4X7A5257.jpg?resize=768%2C512&amp;ssl=1 768w, https:\/\/i0.wp.com\/www.foxone.de\/wp-content\/uploads\/4X7A5257.jpg?resize=1536%2C1024&amp;ssl=1 1536w, https:\/\/i0.wp.com\/www.foxone.de\/wp-content\/uploads\/4X7A5257.jpg?resize=2048%2C1365&amp;ssl=1 2048w\" sizes=\"auto, (max-width: 1000px) 100vw, 1000px\" \/><figcaption class=\"wp-element-caption\">Queen Mary Lee<\/figcaption><\/figure>\n\n\n\n<figure class=\"wp-block-image size-large is-style-default\"><img loading=\"lazy\" decoding=\"async\" width=\"2189\" height=\"1459\" src=\"https:\/\/i2.wp.com\/www.foxone.de\/wp-content\/uploads\/4X7A5219.jpg?fit=1000%2C667&amp;ssl=1\" alt=\"\" class=\"wp-image-253275\" srcset=\"https:\/\/i0.wp.com\/www.foxone.de\/wp-content\/uploads\/4X7A5219.jpg?w=2189&amp;ssl=1 2189w, https:\/\/i0.wp.com\/www.foxone.de\/wp-content\/uploads\/4X7A5219.jpg?resize=632%2C421&amp;ssl=1 632w, https:\/\/i0.wp.com\/www.foxone.de\/wp-content\/uploads\/4X7A5219.jpg?resize=1020%2C680&amp;ssl=1 1020w, https:\/\/i0.wp.com\/www.foxone.de\/wp-content\/uploads\/4X7A5219.jpg?resize=768%2C512&amp;ssl=1 768w, https:\/\/i0.wp.com\/www.foxone.de\/wp-content\/uploads\/4X7A5219.jpg?resize=1536%2C1024&amp;ssl=1 1536w, https:\/\/i0.wp.com\/www.foxone.de\/wp-content\/uploads\/4X7A5219.jpg?resize=2048%2C1365&amp;ssl=1 2048w\" sizes=\"auto, (max-width: 1000px) 100vw, 1000px\" \/><figcaption class=\"wp-element-caption\">Queen Mary Lee<\/figcaption><\/figure>\n\n\n\n<figure class=\"wp-block-image size-large is-style-default\"><img loading=\"lazy\" decoding=\"async\" width=\"2189\" height=\"1459\" src=\"https:\/\/i2.wp.com\/www.foxone.de\/wp-content\/uploads\/4X7A5282.jpg?fit=1000%2C667&amp;ssl=1\" alt=\"\" class=\"wp-image-253276\" srcset=\"https:\/\/i0.wp.com\/www.foxone.de\/wp-content\/uploads\/4X7A5282.jpg?w=2189&amp;ssl=1 2189w, https:\/\/i0.wp.com\/www.foxone.de\/wp-content\/uploads\/4X7A5282.jpg?resize=632%2C421&amp;ssl=1 632w, https:\/\/i0.wp.com\/www.foxone.de\/wp-content\/uploads\/4X7A5282.jpg?resize=1020%2C680&amp;ssl=1 1020w, https:\/\/i0.wp.com\/www.foxone.de\/wp-content\/uploads\/4X7A5282.jpg?resize=768%2C512&amp;ssl=1 768w, https:\/\/i0.wp.com\/www.foxone.de\/wp-content\/uploads\/4X7A5282.jpg?resize=1536%2C1024&amp;ssl=1 1536w, https:\/\/i0.wp.com\/www.foxone.de\/wp-content\/uploads\/4X7A5282.jpg?resize=2048%2C1365&amp;ssl=1 2048w\" sizes=\"auto, (max-width: 1000px) 100vw, 1000px\" \/><figcaption class=\"wp-element-caption\">Queen Mary Lee<\/figcaption><\/figure>\n\n\n\n<figure class=\"wp-block-image size-large is-style-default\"><img loading=\"lazy\" decoding=\"async\" width=\"2189\" height=\"1459\" src=\"https:\/\/i0.wp.com\/www.foxone.de\/wp-content\/uploads\/4X7A5184.jpg?fit=1000%2C667&amp;ssl=1\" alt=\"\" class=\"wp-image-253277\" srcset=\"https:\/\/i0.wp.com\/www.foxone.de\/wp-content\/uploads\/4X7A5184.jpg?w=2189&amp;ssl=1 2189w, https:\/\/i0.wp.com\/www.foxone.de\/wp-content\/uploads\/4X7A5184.jpg?resize=632%2C421&amp;ssl=1 632w, https:\/\/i0.wp.com\/www.foxone.de\/wp-content\/uploads\/4X7A5184.jpg?resize=1020%2C680&amp;ssl=1 1020w, https:\/\/i0.wp.com\/www.foxone.de\/wp-content\/uploads\/4X7A5184.jpg?resize=768%2C512&amp;ssl=1 768w, https:\/\/i0.wp.com\/www.foxone.de\/wp-content\/uploads\/4X7A5184.jpg?resize=1536%2C1024&amp;ssl=1 1536w, https:\/\/i0.wp.com\/www.foxone.de\/wp-content\/uploads\/4X7A5184.jpg?resize=2048%2C1365&amp;ssl=1 2048w\" sizes=\"auto, (max-width: 1000px) 100vw, 1000px\" \/><figcaption class=\"wp-element-caption\">Queen Mary Lee<\/figcaption><\/figure>\n\n\n\n<figure class=\"wp-block-image size-large is-style-default\"><img loading=\"lazy\" decoding=\"async\" width=\"2189\" height=\"1459\" src=\"https:\/\/i1.wp.com\/www.foxone.de\/wp-content\/uploads\/4X7A4621.jpg?fit=1000%2C667&amp;ssl=1\" alt=\"\" class=\"wp-image-253279\" srcset=\"https:\/\/i0.wp.com\/www.foxone.de\/wp-content\/uploads\/4X7A4621.jpg?w=2189&amp;ssl=1 2189w, https:\/\/i0.wp.com\/www.foxone.de\/wp-content\/uploads\/4X7A4621.jpg?resize=632%2C421&amp;ssl=1 632w, https:\/\/i0.wp.com\/www.foxone.de\/wp-content\/uploads\/4X7A4621.jpg?resize=1020%2C680&amp;ssl=1 1020w, https:\/\/i0.wp.com\/www.foxone.de\/wp-content\/uploads\/4X7A4621.jpg?resize=768%2C512&amp;ssl=1 768w, https:\/\/i0.wp.com\/www.foxone.de\/wp-content\/uploads\/4X7A4621.jpg?resize=1536%2C1024&amp;ssl=1 1536w, https:\/\/i0.wp.com\/www.foxone.de\/wp-content\/uploads\/4X7A4621.jpg?resize=2048%2C1365&amp;ssl=1 2048w\" sizes=\"auto, (max-width: 1000px) 100vw, 1000px\" \/><figcaption class=\"wp-element-caption\">Queen Mary Lee<\/figcaption><\/figure>\n\n\n\n<figure class=\"wp-block-image size-large is-style-default\"><img loading=\"lazy\" decoding=\"async\" width=\"2189\" height=\"1459\" src=\"https:\/\/i0.wp.com\/www.foxone.de\/wp-content\/uploads\/4X7A4762.jpg?fit=1000%2C667&amp;ssl=1\" alt=\"\" class=\"wp-image-253280\" srcset=\"https:\/\/i0.wp.com\/www.foxone.de\/wp-content\/uploads\/4X7A4762.jpg?w=2189&amp;ssl=1 2189w, https:\/\/i0.wp.com\/www.foxone.de\/wp-content\/uploads\/4X7A4762.jpg?resize=632%2C421&amp;ssl=1 632w, https:\/\/i0.wp.com\/www.foxone.de\/wp-content\/uploads\/4X7A4762.jpg?resize=1020%2C680&amp;ssl=1 1020w, https:\/\/i0.wp.com\/www.foxone.de\/wp-content\/uploads\/4X7A4762.jpg?resize=768%2C512&amp;ssl=1 768w, https:\/\/i0.wp.com\/www.foxone.de\/wp-content\/uploads\/4X7A4762.jpg?resize=1536%2C1024&amp;ssl=1 1536w, https:\/\/i0.wp.com\/www.foxone.de\/wp-content\/uploads\/4X7A4762.jpg?resize=2048%2C1365&amp;ssl=1 2048w\" sizes=\"auto, (max-width: 1000px) 100vw, 1000px\" \/><figcaption class=\"wp-element-caption\">Queen Mary Lee<\/figcaption><\/figure>\n","protected":false},"excerpt":{"rendered":"<p>Queen Mary LeeEleganz, Ausdruck und ein Herz voller Charme Queen Mary Lee wurde am 17.03.2019 bei uns geboren und ist eine Bengal Katze in der seltenen Farbe Snow Seal Lynx&#8230; <span class=\"more-link\"><a href=\"https:\/\/www.foxone.de\/?page_id=253271\">Read More<\/a><\/span><\/p>\n","protected":false},"author":1,"featured_media":253283,"parent":252690,"menu_order":11,"comment_status":"closed","ping_status":"closed","template":"","meta":{"footnotes":""},"class_list":["post-253271","page","type-page","status-publish","has-post-thumbnail","hentry"],"_links":{"self":[{"href":"https:\/\/www.foxone.de\/index.php?rest_route=\/wp\/v2\/pages\/253271","targetHints":{"allow":["GET"]}}],"collection":[{"href":"https:\/\/www.foxone.de\/index.php?rest_route=\/wp\/v2\/pages"}],"about":[{"href":"https:\/\/www.foxone.de\/index.php?rest_route=\/wp\/v2\/types\/page"}],"author":[{"embeddable":true,"href":"https:\/\/www.foxone.de\/index.php?rest_route=\/wp\/v2\/users\/1"}],"replies":[{"embeddable":true,"href":"https:\/\/www.foxone.de\/index.php?rest_route=%2Fwp%2Fv2%2Fcomments&post=253271"}],"version-history":[{"count":10,"href":"https:\/\/www.foxone.de\/index.php?rest_route=\/wp\/v2\/pages\/253271\/revisions"}],"predecessor-version":[{"id":301136,"href":"https:\/\/www.foxone.de\/index.php?rest_route=\/wp\/v2\/pages\/253271\/revisions\/301136"}],"up":[{"embeddable":true,"href":"https:\/\/www.foxone.de\/index.php?rest_route=\/wp\/v2\/pages\/252690"}],"wp:featuredmedia":[{"embeddable":true,"href":"https:\/\/www.foxone.de\/index.php?rest_route=\/wp\/v2\/media\/253283"}],"wp:attachment":[{"href":"https:\/\/www.foxone.de\/index.php?rest_route=%2Fwp%2Fv2%2Fmedia&parent=253271"}],"curies":[{"name":"wp","href":"https:\/\/api.w.org\/{rel}","templated":true}]}}