{"id":386,"date":"2014-06-22T14:04:50","date_gmt":"2014-06-22T12:04:50","guid":{"rendered":"http:\/\/www.foxone.de\/?page_id=386"},"modified":"2026-03-31T20:14:01","modified_gmt":"2026-03-31T18:14:01","slug":"kitten","status":"publish","type":"page","link":"https:\/\/www.foxone.de\/?page_id=386","title":{"rendered":"Kitten"},"content":{"rendered":"\n<p>Wir haben Kitten Stand: <strong>(31.03.2026<\/strong> alle vergeben)<br><br><strong>Queen Harley Rose Quinn Wayne<\/strong> hat am <strong>21.12.2025<\/strong> Ihre ersten Kitten <strong>(8) acht<\/strong> <strong>5 Kater und 3 M\u00e4dchen<\/strong> bekommen und Sie sind ph\u00e4nomenal der pure Wahnsinn die bereits nach einer Woche schon einf\u00e4rben in einen fantastischen braun. Ich kann euch sagen wir sind super Mega Stolz auf die kleine die macht das f\u00fcr das erste mal <strong>foxtastisch<\/strong>.<br><br><strong>Caroline Eastwood<\/strong> war ja ebenfalls beim Kater und hat uns am <strong>29.12.2025<\/strong> ebenfalls <strong>(8) acht<\/strong> braune Kitten geschenkt. Hier haben wir <strong>5 M\u00e4dchen und 3 Kater<\/strong> die bereits jetzt eine reine Augenweide sind.<br>Da wir bereits die anderen W\u00fcrfe von Caroline kennen, k\u00f6nnen wir so viel sagen die werden einfach wundersch\u00f6n.<br><br>Bei beiden ist es der gleiche Vater und der hat einen <strong>WOW Effekt<\/strong> daher sind wir gespannt auf die n\u00e4chsten Wochen in der Entwicklung und werden hier euch gerne mit Bildern und Updates auf dem laufenden halten.<\/p>\n\n\n\n<p>Tauchen Sie mit uns ein, in die faszinierende Welt der Bengalkatzen und besuchen Sie uns pers\u00f6nlich \u2013 wir freuen uns darauf, Ihnen unsere Zucht mit all ihren Besonderheiten vorzustellen! Mehr Informationen dazu erhaltet Ihr bei einem pers\u00f6nlichen Gespr\u00e4ch oder telefonisch \u2013 denn wir nehmen uns Zeit f\u00fcr jede Anfrage auch sehr spontan.<\/p>\n\n\n\n<p>Unsere Bengalen sind besonders foxtastisch \u2013 und das hat gute Gr\u00fcnde: gesunde und liebevolle Aufzucht, exzellente Haltung, und nicht zuletzt unser Ruf als erfahrene und engagierte Hobbyzucht. Da wir nur wenige, sorgf\u00e4ltig geplante W\u00fcrfe im Jahr haben, empfehlen wir, fr\u00fchzeitig Kontakt mit uns aufzunehmen.<\/p>\n\n\n\n<p>Auch wenn aktuell keine Kitten zur Abgabe stehen \u2013 z\u00f6gert nicht, kommt uns trotzdem besuchen. Wir freuen uns \u00fcber jeden Besucher und m\u00f6chten euch begeistern f\u00fcr die Rasse und helfen weiter \u2013 sei es mit Beratung oder einer Empfehlung zu vertrauensw\u00fcrdigen Z\u00fcchtern in Ihrer N\u00e4he.<\/p>\n\n\n\n<p>\ud83d\udc3e <strong>Bengalen und Allergien? Wir kennen uns aus!<\/strong><br>Viele Familien, in denen eigentlich eine Katzenallergie ein Hindernis war, durften wir bereits gl\u00fccklich machen. Die Erfahrung zeigt: Es gibt fast immer eine Katze, auf die man nicht reagiert \u2013 vielleicht ist es eine unserer Bengalen! Wir konnten schon mehr als 60 Bengalen bei Allergikern Familien im Laufe der Jahre vermitteln, das macht Hoffnung das es auch bei Ihnen klappen kann.<br><br>Wir beraten Sie ehrlich, einf\u00fchlsam und mit viel Erfahrung zu diesem Thema. Sprecht uns gerne an.<\/p>\n\n\n\n<p>\ud83d\udce9 Schreiben Sie uns jederzeit an: <strong>fam.klein@outlook.com<\/strong><br>\ud83d\udcde Oder rufen Sie direkt an: <strong>0172-9789924 (Alexandra)<\/strong><br>Gerne auch per <strong>WhatsApp<\/strong> \u2013 wir freuen uns auf euch!<\/p>\n\n\n\n<p><strong>Kitten Alarm !!!<\/strong><\/p>\n\n\n\n<figure class=\"wp-block-image size-large\"><img data-recalc-dims=\"1\" loading=\"lazy\" decoding=\"async\" width=\"1000\" height=\"667\" src=\"https:\/\/i0.wp.com\/www.foxone.de\/wp-content\/uploads\/4X7A9903_Nala.jpg?resize=1000%2C667&#038;ssl=1\" alt=\"\" class=\"wp-image-290532\" srcset=\"https:\/\/i0.wp.com\/www.foxone.de\/wp-content\/uploads\/4X7A9903_Nala.jpg?resize=1020%2C680&amp;ssl=1 1020w, https:\/\/i0.wp.com\/www.foxone.de\/wp-content\/uploads\/4X7A9903_Nala.jpg?resize=632%2C421&amp;ssl=1 632w, https:\/\/i0.wp.com\/www.foxone.de\/wp-content\/uploads\/4X7A9903_Nala.jpg?resize=768%2C512&amp;ssl=1 768w, https:\/\/i0.wp.com\/www.foxone.de\/wp-content\/uploads\/4X7A9903_Nala.jpg?resize=1536%2C1023&amp;ssl=1 1536w, https:\/\/i0.wp.com\/www.foxone.de\/wp-content\/uploads\/4X7A9903_Nala.jpg?w=1642&amp;ssl=1 1642w\" sizes=\"auto, (max-width: 1000px) 100vw, 1000px\" \/><\/figure>\n\n\n\n<p><\/p>\n\n\n\n<p><strong>Kommt uns besuchen <\/strong>und sehen Sie sich die unverbindlich Zucht an. Gerne k\u00f6nnen Sie sich bei uns f\u00fcr einen der kommenden die n\u00e4chsten W\u00fcrfe gerne vormerken lassen, mehr dazu gerne am Telefon oder bei einem pers\u00f6nlichen Besuch bei uns.<br><br>Bei uns sind die Bengalen, aufgrund der <strong>fantastischen<\/strong> <strong>Aufzucht<\/strong> und <strong>Haltebedingungen<\/strong> und unseren Bekanntheitsgrad sehr beliebt und sehr schnell vergeben. Da wir selbst im Jahr nur <strong>wenige W\u00fcrfe<\/strong> planen, z\u00f6gern Sie nicht und nehmen Kontakt fr\u00fchzeitig zu uns auf.<br><br>Falls wir Ihr Interesse an unserer Hobbyzucht wecken konnten, nehmen Sie gerne Kontakt zu uns auf! Das k\u00f6nnen Sie jederzeit tun, auch wenn wir keine Kitten erwarten oder abzugeben haben.&nbsp;Wir freuen uns immer, wenn wir jemanden mit dem Bengalenfieber anstecken und f\u00fcr die Rasse begeistern k\u00f6nnen, gerne empfehlen wir auch andere Seri\u00f6se Z\u00fcchter in Ihrer N\u00e4he.<\/p>\n\n\n\n<p>Wir haben <strong>sehr gute Erfahrungen<\/strong> mit <strong>Allergikern<\/strong> und Bengalen k\u00f6nnen euch sehr gut beraten.<br>Wir konnten bereits viele Familien und Menschen gl\u00fccklich machen, die eine Katzenallergie haben. Sprecht uns gerne darauf an. Es gibt fast immer eine Katze, auf die man <strong>nicht<\/strong> reagiert, gebt nicht auf und nehmt gerne Kontakt mit uns auf.<\/p>\n","protected":false},"excerpt":{"rendered":"<p>Wir haben Kitten Stand: (31.03.2026 alle vergeben) Queen Harley Rose Quinn Wayne hat am 21.12.2025 Ihre ersten Kitten (8) acht 5 Kater und 3 M\u00e4dchen bekommen und Sie sind ph\u00e4nomenal&#8230; <span class=\"more-link\"><a href=\"https:\/\/www.foxone.de\/?page_id=386\">Read More<\/a><\/span><\/p>\n","protected":false},"author":1,"featured_media":252348,"parent":0,"menu_order":103,"comment_status":"closed","ping_status":"closed","template":"","meta":{"footnotes":""},"class_list":["post-386","page","type-page","status-publish","has-post-thumbnail","hentry"],"_links":{"self":[{"href":"https:\/\/www.foxone.de\/index.php?rest_route=\/wp\/v2\/pages\/386","targetHints":{"allow":["GET"]}}],"collection":[{"href":"https:\/\/www.foxone.de\/index.php?rest_route=\/wp\/v2\/pages"}],"about":[{"href":"https:\/\/www.foxone.de\/index.php?rest_route=\/wp\/v2\/types\/page"}],"author":[{"embeddable":true,"href":"https:\/\/www.foxone.de\/index.php?rest_route=\/wp\/v2\/users\/1"}],"replies":[{"embeddable":true,"href":"https:\/\/www.foxone.de\/index.php?rest_route=%2Fwp%2Fv2%2Fcomments&post=386"}],"version-history":[{"count":386,"href":"https:\/\/www.foxone.de\/index.php?rest_route=\/wp\/v2\/pages\/386\/revisions"}],"predecessor-version":[{"id":301383,"href":"https:\/\/www.foxone.de\/index.php?rest_route=\/wp\/v2\/pages\/386\/revisions\/301383"}],"wp:featuredmedia":[{"embeddable":true,"href":"https:\/\/www.foxone.de\/index.php?rest_route=\/wp\/v2\/media\/252348"}],"wp:attachment":[{"href":"https:\/\/www.foxone.de\/index.php?rest_route=%2Fwp%2Fv2%2Fmedia&parent=386"}],"curies":[{"name":"wp","href":"https:\/\/api.w.org\/{rel}","templated":true}]}}